{"id":49,"date":"2021-08-04T17:35:54","date_gmt":"2021-08-04T17:35:54","guid":{"rendered":"https:\/\/erinnerung.woc.earth\/?page_id=49"},"modified":"2025-03-05T14:11:29","modified_gmt":"2025-03-05T14:11:29","slug":"ueber-mich","status":"publish","type":"page","link":"https:\/\/die-erinnerung.ch\/index.php\/ueber-mich\/","title":{"rendered":"\u00dcber mich"},"content":{"rendered":"\t\t<div data-elementor-type=\"wp-page\" data-elementor-id=\"49\" class=\"elementor elementor-49\" data-elementor-settings=\"[]\">\n\t\t\t\t\t\t\t<div class=\"elementor-section-wrap\">\n\t\t\t\t\t\t\t<section class=\"elementor-section elementor-top-section elementor-element elementor-element-3aa58e65 elementor-section-boxed elementor-section-height-default elementor-section-height-default\" data-id=\"3aa58e65\" data-element_type=\"section\" data-settings=\"{&quot;background_background&quot;:&quot;classic&quot;}\">\n\t\t\t\t\t\t<div class=\"elementor-container elementor-column-gap-default\">\n\t\t\t\t\t<div class=\"elementor-column elementor-col-100 elementor-top-column elementor-element elementor-element-6e8c3c29\" data-id=\"6e8c3c29\" data-element_type=\"column\">\n\t\t\t<div class=\"elementor-widget-wrap elementor-element-populated\">\n\t\t\t\t\t\t\t\t<div class=\"elementor-element elementor-element-2c6db86 elementor-widget elementor-widget-image\" data-id=\"2c6db86\" data-element_type=\"widget\" data-widget_type=\"image.default\">\n\t\t\t\t<div class=\"elementor-widget-container\">\n\t\t\t\t\t\t\t\t\t\t\t\t\t\t\t<img loading=\"lazy\" decoding=\"async\" width=\"800\" height=\"534\" src=\"https:\/\/die-erinnerung.ch\/wp-content\/uploads\/2025\/03\/deniz_beratung-1024x683.jpg\" class=\"attachment-large size-large\" alt=\"\" srcset=\"https:\/\/die-erinnerung.ch\/wp-content\/uploads\/2025\/03\/deniz_beratung-1024x683.jpg 1024w, https:\/\/die-erinnerung.ch\/wp-content\/uploads\/2025\/03\/deniz_beratung-300x200.jpg 300w, https:\/\/die-erinnerung.ch\/wp-content\/uploads\/2025\/03\/deniz_beratung-768x512.jpg 768w, https:\/\/die-erinnerung.ch\/wp-content\/uploads\/2025\/03\/deniz_beratung.jpg 1086w\" sizes=\"auto, (max-width: 800px) 100vw, 800px\" \/>\t\t\t\t\t\t\t\t\t\t\t\t\t\t\t<\/div>\n\t\t\t\t<\/div>\n\t\t\t\t<div class=\"elementor-element elementor-element-5e4c0ba elementor-widget elementor-widget-spacer\" data-id=\"5e4c0ba\" data-element_type=\"widget\" data-widget_type=\"spacer.default\">\n\t\t\t\t<div class=\"elementor-widget-container\">\n\t\t\t\t\t<div class=\"elementor-spacer\">\n\t\t\t<div class=\"elementor-spacer-inner\"><\/div>\n\t\t<\/div>\n\t\t\t\t<\/div>\n\t\t\t\t<\/div>\n\t\t\t\t<div class=\"elementor-element elementor-element-5b26e20 elementor-widget elementor-widget-text-editor\" data-id=\"5b26e20\" data-element_type=\"widget\" data-widget_type=\"text-editor.default\">\n\t\t\t\t<div class=\"elementor-widget-container\">\n\t\t\t\t\t\t\t\t<!-- wp:paragraph -->\n<p><span class=\"custom-fontfamily\">Bereits in meiner Lehrzeit, habe ich mich brennend f\u00fcr Bewusstseinserforschung, Heilung und aussergew\u00f6hnliche Menschen mit paranormalen F\u00e4higkeiten interessiert. Schon immer hat mich eine tiefe Sehnsucht getrieben, meine Essenz zu finden und das unvorstellbare einzuladen. Ich wurde gef\u00fchrt vom Leben selbst, von Menschen die Inspiration f\u00fcr mich bereit hielten, von magischen Tr\u00e4umen und \u00fcberraschenden Bewusstseinszust\u00e4nden, die mich lehrten und in ihrer Qualit\u00e4t sehr ber\u00fchrt und gepr\u00e4gt haben. <\/span><\/p>\n<p>Im Laufe der letzten 6 Jahre habe ich intensive Erfahrungen gemacht, die damit in Verbindung stehen. Meine hochsensitive Wahrnehmung hat sich gesteigert und hellsichtige Phasen haben mir tiefe Einblicke in die H\u00f6hen und Tiefen der Menschen und von mir Selbst gegeben. Und letztendlich entdeckte ich das, was jenseits davon steht und verlor immer mehr die Bewertung von den polaren Erscheinungen.<\/p>\n<p>Nach mehreren schmerzhaften Prozessen \u00fcber die Jahre, wachte ich immer mehr in einer Realit\u00e4t auf, die f\u00fcr mich absolut klar, rein und voller Liebe war und nat\u00fcrlich heute noch ist. Die Qualit\u00e4t \u00abausserhalb\u00bb von Raum und Zeit. Die Erkenntnis, dass dies meine wahre Natur ist, hat mich mit tiefer Freude erf\u00fcllt und bringt mich heute immer mehr ins Erwachen und in die physische Realisation. Ich bin nun in der Lage, Menschen zu begleiten, sie zu erinnern und ihnen Inspiration und Erkenntnis f\u00fcr ihr Erwachen zu er\u00f6ffnen. Dies geschieht mit sehr viel Mitgef\u00fchl und Achtsamkeit daf\u00fcr, wo ein Mensch gerade steht. Und immer in dem Masse, wie offen und mutig jemand daf\u00fcr geht.<\/p>\n<!-- \/wp:paragraph -->\t\t\t\t\t\t<\/div>\n\t\t\t\t<\/div>\n\t\t\t\t<div class=\"elementor-element elementor-element-4db9dcb elementor-align-center elementor-widget elementor-widget-button\" data-id=\"4db9dcb\" data-element_type=\"widget\" data-widget_type=\"button.default\">\n\t\t\t\t<div class=\"elementor-widget-container\">\n\t\t\t\t\t<div class=\"elementor-button-wrapper\">\n\t\t\t<a href=\"mailto:deniz@die-erinnerung.ch\" class=\"elementor-button-link elementor-button elementor-size-sm\" role=\"button\">\n\t\t\t\t\t\t<span class=\"elementor-button-content-wrapper\">\n\t\t\t\t\t\t<span class=\"elementor-button-text\">E-Mail senden<\/span>\n\t\t<\/span>\n\t\t\t\t\t<\/a>\n\t\t<\/div>\n\t\t\t\t<\/div>\n\t\t\t\t<\/div>\n\t\t\t\t<div class=\"elementor-element elementor-element-8fc3c19 elementor-widget elementor-widget-spacer\" data-id=\"8fc3c19\" data-element_type=\"widget\" data-widget_type=\"spacer.default\">\n\t\t\t\t<div class=\"elementor-widget-container\">\n\t\t\t\t\t<div class=\"elementor-spacer\">\n\t\t\t<div class=\"elementor-spacer-inner\"><\/div>\n\t\t<\/div>\n\t\t\t\t<\/div>\n\t\t\t\t<\/div>\n\t\t\t\t\t<\/div>\n\t\t<\/div>\n\t\t\t\t\t\t\t<\/div>\n\t\t<\/section>\n\t\t\t\t\t\t<\/div>\n\t\t\t\t\t<\/div>\n\t\t","protected":false},"excerpt":{"rendered":"<p>Bereits in meiner Lehrzeit, habe ich mich brennend f\u00fcr Bewusstseinserforschung, Heilung und aussergew\u00f6hnliche Menschen mit paranormalen F\u00e4higkeiten interessiert. Schon immer hat mich eine tiefe Sehnsucht getrieben, meine Essenz zu finden und das unvorstellbare einzuladen. Ich wurde gef\u00fchrt vom Leben selbst, von Menschen die Inspiration f\u00fcr mich bereit hielten, von magischen Tr\u00e4umen und \u00fcberraschenden Bewusstseinszust\u00e4nden, die [&hellip;]<\/p>\n","protected":false},"author":1,"featured_media":0,"parent":0,"menu_order":0,"comment_status":"closed","ping_status":"open","template":"elementor_header_footer","meta":{"footnotes":""},"class_list":["post-49","page","type-page","status-publish","hentry"],"_links":{"self":[{"href":"https:\/\/die-erinnerung.ch\/index.php\/wp-json\/wp\/v2\/pages\/49","targetHints":{"allow":["GET"]}}],"collection":[{"href":"https:\/\/die-erinnerung.ch\/index.php\/wp-json\/wp\/v2\/pages"}],"about":[{"href":"https:\/\/die-erinnerung.ch\/index.php\/wp-json\/wp\/v2\/types\/page"}],"author":[{"embeddable":true,"href":"https:\/\/die-erinnerung.ch\/index.php\/wp-json\/wp\/v2\/users\/1"}],"replies":[{"embeddable":true,"href":"https:\/\/die-erinnerung.ch\/index.php\/wp-json\/wp\/v2\/comments?post=49"}],"version-history":[{"count":22,"href":"https:\/\/die-erinnerung.ch\/index.php\/wp-json\/wp\/v2\/pages\/49\/revisions"}],"predecessor-version":[{"id":240,"href":"https:\/\/die-erinnerung.ch\/index.php\/wp-json\/wp\/v2\/pages\/49\/revisions\/240"}],"wp:attachment":[{"href":"https:\/\/die-erinnerung.ch\/index.php\/wp-json\/wp\/v2\/media?parent=49"}],"curies":[{"name":"wp","href":"https:\/\/api.w.org\/{rel}","templated":true}]}}