{"id":2,"date":"2021-08-04T11:07:07","date_gmt":"2021-08-04T11:07:07","guid":{"rendered":"https:\/\/erinnerung.woc.earth\/?page_id=2"},"modified":"2022-07-25T08:44:59","modified_gmt":"2022-07-25T08:44:59","slug":"sample-page","status":"publish","type":"page","link":"https:\/\/die-erinnerung.ch\/","title":{"rendered":"Home"},"content":{"rendered":"\t\t<div data-elementor-type=\"wp-page\" data-elementor-id=\"2\" class=\"elementor elementor-2\" data-elementor-settings=\"[]\">\n\t\t\t\t\t\t\t<div class=\"elementor-section-wrap\">\n\t\t\t\t\t\t\t<section class=\"elementor-section elementor-top-section elementor-element elementor-element-bab3529 elementor-section-full_width elementor-section-height-min-height elementor-section-stretched elementor-section-height-default elementor-section-items-middle\" data-id=\"bab3529\" data-element_type=\"section\" data-settings=\"{&quot;stretch_section&quot;:&quot;section-stretched&quot;,&quot;background_background&quot;:&quot;classic&quot;}\">\n\t\t\t\t\t\t<div class=\"elementor-container elementor-column-gap-default\">\n\t\t\t\t\t<div class=\"elementor-column elementor-col-100 elementor-top-column elementor-element elementor-element-2201f36\" data-id=\"2201f36\" data-element_type=\"column\">\n\t\t\t<div class=\"elementor-widget-wrap elementor-element-populated\">\n\t\t\t\t\t\t\t\t<div class=\"elementor-element elementor-element-53ef1ad elementor-widget elementor-widget-heading\" data-id=\"53ef1ad\" data-element_type=\"widget\" data-widget_type=\"heading.default\">\n\t\t\t\t<div class=\"elementor-widget-container\">\n\t\t\t<h2 class=\"elementor-heading-title elementor-size-default\">Erinnere dich an deine wahre Natur<\/h2>\t\t<\/div>\n\t\t\t\t<\/div>\n\t\t\t\t\t<\/div>\n\t\t<\/div>\n\t\t\t\t\t\t\t<\/div>\n\t\t<\/section>\n\t\t\t\t<section class=\"elementor-section elementor-top-section elementor-element elementor-element-3aa58e65 elementor-section-boxed elementor-section-height-default elementor-section-height-default\" data-id=\"3aa58e65\" data-element_type=\"section\" data-settings=\"{&quot;background_background&quot;:&quot;classic&quot;}\">\n\t\t\t\t\t\t<div class=\"elementor-container elementor-column-gap-default\">\n\t\t\t\t\t<div class=\"elementor-column elementor-col-100 elementor-top-column elementor-element elementor-element-6e8c3c29\" data-id=\"6e8c3c29\" data-element_type=\"column\">\n\t\t\t<div class=\"elementor-widget-wrap elementor-element-populated\">\n\t\t\t\t\t\t\t\t<div class=\"elementor-element elementor-element-ec22f0c elementor-widget elementor-widget-spacer\" data-id=\"ec22f0c\" data-element_type=\"widget\" data-widget_type=\"spacer.default\">\n\t\t\t\t<div class=\"elementor-widget-container\">\n\t\t\t\t\t<div class=\"elementor-spacer\">\n\t\t\t<div class=\"elementor-spacer-inner\"><\/div>\n\t\t<\/div>\n\t\t\t\t<\/div>\n\t\t\t\t<\/div>\n\t\t\t\t<div class=\"elementor-element elementor-element-506ba329 elementor-widget elementor-widget-text-editor\" data-id=\"506ba329\" data-element_type=\"widget\" data-widget_type=\"text-editor.default\">\n\t\t\t\t<div class=\"elementor-widget-container\">\n\t\t\t\t\t\t\t\t<!-- wp:paragraph -->\n<p>Das, was du wirklich bist, die Bewusstseinsebene des Seins, ist so unvorstellbar gro\u00df, ist unendliche Liebe, Freude, Freiheit, Kraft, Kreativit\u00e4t und Gesundheit. Es ist das, was du schon immer warst, jeden Moment bist und immer sein wirst. Man kann es die Sch\u00f6pferebene nennen, deine wahre Natur, deine Essenz, Pr\u00e4senz, oder deine unersch\u00f6pfliche zeitlose Quelle, die Lebendigkeit erschafft, um als Mensch in diesem scheinbaren K\u00f6rper \u00fcberhaupt Erfahrungen machen zu k\u00f6nnen.<\/p>\n<p>Kein Mensch kann dir in diesem reinen und h\u00f6chsten Bewusstheitszustand etwas nehmen oder geben. Weil alles bereits unantastbar in dir ist. Das ist die Realit\u00e4t.<\/p>\n<p>Das Problem ist jedoch oft, dass die Menschen innerhalb der Illusion, also im scheinbaren Au\u00dfen danach suchen und nicht an ihre wahre Natur erinnert werden. Sondern eher noch irritiert in der Illusion der Spiele, die seit tausenden von Jahren wiederholt werden und eher Leid und Anstrengung als Freude und Leichtigkeit bringen. Dieses Leid entsteht aus der Wahrnehmung der Trennung.<\/p>\n<p>Das Wegfallen von Konzepten, aufgesetzten Strukturen, Mustern, Glaubenss\u00e4tzen und ganz allgemein das Wegfallen der Illusionen des Verstandes (Ego), spielen daher eine entscheidende Rolle. Erst in der konsequenten Zuwendung an das H\u00f6chste, kannst du die Erfahrung machen, frei von Gedanken, in Stille, deine wahre Natur zu erinnern und in deinem K\u00f6rper wahrzunehmen und zu verankern. So holst du schrittweise das Paradies ins Bewusstsein, w\u00e4hrend du frei von \u00e4u\u00dferen Umst\u00e4nden gl\u00fcckseelig bist. Um von da aus, als Sch\u00f6pfer neue Spielregeln aus der Freiheit, Liebe und Freude, in deinem Leben zu manifestieren.<\/p>\n<p>Das ist meine Gr\u00f6\u00dfte Freude zu sehen, wenn dies geschieht. Vielleicht auch schon bald mit dir, wenn dies deine gr\u00f6\u00dfte Sehnsucht ist.<\/p>\n<p>Hast du den Mut, alte Pfade loszulassen, um aufs Ganze zu gehen? Haben alle anderen Versuche gescheitert oder zieht dich dein Herz nun beschleunigt in diese Richtung?<\/p>\n<p>Voller Freude begleite ich dich in die Erinnerung und helfe dir die Illusionen in all ihren Facetten zu durchleuchten. Dies kann dein Leben v\u00f6llig ver\u00e4ndern. Schritt f\u00fcr Schritt als ein Prozess. Oder im pl\u00f6tzlichen Erwachen, wenn dies so sein soll.<\/p>\n<!-- \/wp:paragraph -->\t\t\t\t\t\t<\/div>\n\t\t\t\t<\/div>\n\t\t\t\t<div class=\"elementor-element elementor-element-4db9dcb elementor-align-center elementor-widget elementor-widget-button\" data-id=\"4db9dcb\" data-element_type=\"widget\" data-widget_type=\"button.default\">\n\t\t\t\t<div class=\"elementor-widget-container\">\n\t\t\t\t\t<div class=\"elementor-button-wrapper\">\n\t\t\t<a href=\"mailto:deniz@die-erinnerung.ch\" class=\"elementor-button-link elementor-button elementor-size-sm\" role=\"button\">\n\t\t\t\t\t\t<span class=\"elementor-button-content-wrapper\">\n\t\t\t\t\t\t<span class=\"elementor-button-text\">E-Mail senden<\/span>\n\t\t<\/span>\n\t\t\t\t\t<\/a>\n\t\t<\/div>\n\t\t\t\t<\/div>\n\t\t\t\t<\/div>\n\t\t\t\t<div class=\"elementor-element elementor-element-8fc3c19 elementor-widget elementor-widget-spacer\" data-id=\"8fc3c19\" data-element_type=\"widget\" data-widget_type=\"spacer.default\">\n\t\t\t\t<div class=\"elementor-widget-container\">\n\t\t\t\t\t<div class=\"elementor-spacer\">\n\t\t\t<div class=\"elementor-spacer-inner\"><\/div>\n\t\t<\/div>\n\t\t\t\t<\/div>\n\t\t\t\t<\/div>\n\t\t\t\t\t<\/div>\n\t\t<\/div>\n\t\t\t\t\t\t\t<\/div>\n\t\t<\/section>\n\t\t\t\t\t\t<\/div>\n\t\t\t\t\t<\/div>\n\t\t","protected":false},"excerpt":{"rendered":"<p>Erinnere dich an deine wahre Natur Das, was du wirklich bist, die Bewusstseinsebene des Seins, ist so unvorstellbar gro\u00df, ist unendliche Liebe, Freude, Freiheit, Kraft, Kreativit\u00e4t und Gesundheit. Es ist das, was du schon immer warst, jeden Moment bist und immer sein wirst. Man kann es die Sch\u00f6pferebene nennen, deine wahre Natur, deine Essenz, Pr\u00e4senz, [&hellip;]<\/p>\n","protected":false},"author":1,"featured_media":0,"parent":0,"menu_order":0,"comment_status":"closed","ping_status":"open","template":"elementor_header_footer","meta":{"footnotes":""},"class_list":["post-2","page","type-page","status-publish","hentry"],"_links":{"self":[{"href":"https:\/\/die-erinnerung.ch\/index.php\/wp-json\/wp\/v2\/pages\/2","targetHints":{"allow":["GET"]}}],"collection":[{"href":"https:\/\/die-erinnerung.ch\/index.php\/wp-json\/wp\/v2\/pages"}],"about":[{"href":"https:\/\/die-erinnerung.ch\/index.php\/wp-json\/wp\/v2\/types\/page"}],"author":[{"embeddable":true,"href":"https:\/\/die-erinnerung.ch\/index.php\/wp-json\/wp\/v2\/users\/1"}],"replies":[{"embeddable":true,"href":"https:\/\/die-erinnerung.ch\/index.php\/wp-json\/wp\/v2\/comments?post=2"}],"version-history":[{"count":59,"href":"https:\/\/die-erinnerung.ch\/index.php\/wp-json\/wp\/v2\/pages\/2\/revisions"}],"predecessor-version":[{"id":219,"href":"https:\/\/die-erinnerung.ch\/index.php\/wp-json\/wp\/v2\/pages\/2\/revisions\/219"}],"wp:attachment":[{"href":"https:\/\/die-erinnerung.ch\/index.php\/wp-json\/wp\/v2\/media?parent=2"}],"curies":[{"name":"wp","href":"https:\/\/api.w.org\/{rel}","templated":true}]}}